{"id":182,"date":"2025-02-04T16:43:03","date_gmt":"2025-02-04T15:43:03","guid":{"rendered":"https:\/\/faciprint.fr\/?page_id=182"},"modified":"2026-02-04T13:23:54","modified_gmt":"2026-02-04T12:23:54","slug":"mentions-legales","status":"publish","type":"page","link":"https:\/\/faciprint.fr\/index.php\/mentions-legales\/","title":{"rendered":"Mentions l\u00e9gales"},"content":{"rendered":"\t\t<div data-elementor-type=\"wp-page\" data-elementor-id=\"182\" class=\"elementor elementor-182\" data-elementor-post-type=\"page\">\n\t\t\t\t\t\t<section class=\"elementor-section elementor-top-section elementor-element elementor-element-350812c elementor-section-boxed elementor-section-height-default elementor-section-height-default\" data-id=\"350812c\" data-element_type=\"section\">\n\t\t\t\t\t\t<div class=\"elementor-container elementor-column-gap-default\">\n\t\t\t\t\t<div class=\"elementor-column elementor-col-100 elementor-top-column elementor-element elementor-element-5777770\" data-id=\"5777770\" data-element_type=\"column\">\n\t\t\t<div class=\"elementor-widget-wrap elementor-element-populated\">\n\t\t\t\t\t\t<div class=\"elementor-element elementor-element-cc26c15 elementor-widget elementor-widget-text-editor\" data-id=\"cc26c15\" data-element_type=\"widget\" data-widget_type=\"text-editor.default\">\n\t\t\t\t<div class=\"elementor-widget-container\">\n\t\t\t\t\t\t\t\t\t<h2><span style=\"; font-family: var( --e-global-typography-text-font-family ), Sans-serif; font-size: var( --e-global-typography-text-font-size ); font-weight: var( --e-global-typography-text-font-weight );\">MENTIONS LEGALES :<\/span><\/h2>\n<p>Conform\u00e9ment aux directives de l&rsquo;article 6-III et 19 de la Loi num\u00e9ro&nbsp;2004-575&nbsp;du 21 juin 2004 concer\u00e7ant la Confiance en l&rsquo;\u00e9conomie num\u00e9rique, dite L.C.E.N., nous portons \u00e0 la connaissance des utilisateurs du site internet :&nbsp;<a style=\"color: black;\" href=\"https:\/\/faci.fr\/\" target=\"_blank\" rel=\"noopener\">faciprint.fr<\/a> &nbsp;Les donn\u00e9es suivantes :<\/p>\n<p><strong>1. D\u00e9claration l\u00e9gales :<\/strong><\/p>\n<p>Le site&nbsp;<a style=\"background-color: #ffffff; color: black;\" href=\"https:\/\/faci.fr\/\" target=\"_blank\" rel=\"noopener\">faciprint.fr<\/a>&nbsp;est la propri\u00e9t\u00e9 exclusive de <b>SAS Faci Print<\/b>, qui le propose.<\/p>\n<p><span style=\"font-weight: bold; font-size: 1rem;\">SAS Faci Print<\/span>&nbsp;&#8211; N\u00b0 Tel :&nbsp;<strong>0493517401<\/strong><\/p>\n<p><span style=\"font-weight: bold; font-size: 1rem;\">Le Theleme &#8211;&nbsp;<\/span><b>1501 Route des Dolines &#8211; 06560 Valbonne<\/b><br>R\u00e9f\u00e9renc\u00e9e au Registre du Commerce et des Soci\u00e9t\u00e9s(RCS) au num\u00e9ro&nbsp;<span style=\"font-size: 12pt;\">754&nbsp;098&nbsp;630<\/span><\/p><!--StartFragment--><!--EndFragment-->\n<p>N\u00b0 TVA :&nbsp;<span data-teams=\"true\">FR16754098630<\/span><br>EMAIL :&nbsp;<strong><a style=\"color: black;\" href=\"mailto:secretariat@faci.fr?subject=Contact%20a%20partir%20des%20mentions%20l%C3%A9gales%20via%20le%20site%20faci.fr\">secretariat@faci.fr<\/a><\/strong><\/p>\n<p>Le Fondateur du site suivant :&nbsp;<strong>BOUKAYA Lo\u00efc<\/strong><br>Le Directeur de publication est :&nbsp;<strong>LATOUR Guillaume<\/strong><br>Par quel moyen joindre le Chef de publication :&nbsp;<strong><a style=\"color: black;\" href=\"mailto:administratif@faci.fr?subject=Contact%20a%20partir%20des%20mentions%20l%C3%A9gales%20via%20le%20site%20faci.fr\">administratif@faci.fr<\/a><\/strong><\/p>\n<p>Le D\u00e9veloppeur est :&nbsp;<span style=\"font-weight: bold;\">BOUKAYA Lo\u00efc<\/span><br>Comment joindre le Webmaster :&nbsp;<strong><a style=\"color: black;\" href=\"mailto:administratif@faci.fr?subject=Contact%20a%20partir%20des%20mentions%20l%C3%A9gales%20via%20le%20site%20faci.fr\">adv@faci.fr<\/a><\/strong><\/p>\n<p>Hebergeur : OVH<br>SAS<br>Registre du commerce et des soci\u00e9t\u00e9s (RCS) Lille M\u00e9tropole&nbsp;424 761 419 00045<br>Code APE (NAF) 2620Z<br>Num. de TVA : FR&nbsp;22 424 761 419<br>Adresse du si\u00e8ge : 2 rue Kellermann &#8211; 59100 Roubaix &#8211; France<\/p>\n<p><strong>2. Pr\u00e9sentation :<\/strong><\/p>\n<p>Tout internaute qui se connecte et utilise le site web :&nbsp;<a style=\"background-color: #ffffff; color: black;\" href=\"https:\/\/faci.fr\/\" target=\"_blank\" rel=\"noopener\">faciprint.fr<\/a>&nbsp;est consid\u00e9r\u00e9 comme utilisateur du site web.<br>Le site suivant&nbsp;<a style=\"background-color: #ffffff; color: black;\" href=\"https:\/\/faci.fr\/\" target=\"_blank\" rel=\"noopener\">faciprint.fr<\/a>&nbsp;regroupe un ensemble de services, en l&rsquo;\u00e9tat, mis \u00e0 disposition des utilisateur. Il est ici pr\u00e9cis\u00e9 que ces derniers doivent rester courtois et faire preuve de bonne foi tant envers les autres utilisateurs qu&rsquo;envers le D\u00e9veloppeur du site&nbsp;<a style=\"background-color: #ffffff; color: black;\" href=\"https:\/\/faci.fr\/\" target=\"_blank\" rel=\"noopener\">faciprint.fr<\/a>&nbsp;Le site&nbsp;<a style=\"background-color: #ffffff; color: black;\" href=\"https:\/\/faci.fr\/\" target=\"_blank\" rel=\"noopener\">faciprint.fr<\/a>&nbsp;est mis \u00e0 jour r\u00e9guli\u00e8rement par&nbsp;<span style=\"font-weight: bolder;\">LATOUR Guillaume<\/span>.<br><span style=\"font-weight: bolder;\">LATOUR Guillaume<\/span>&nbsp;s&rsquo;efforce d&rsquo;offrir sur le site web&nbsp;<a style=\"background-color: #ffffff; color: black;\" href=\"https:\/\/faci.fr\/\" target=\"_blank\" rel=\"noopener\">faciprint.fr<\/a>&nbsp;des informations les plus v\u00e9ridiques possibles (sous r\u00e9serve de modifications), mais ne saurait attester l&rsquo;exactitude, la finitude et l&rsquo;actualit\u00e9 des informations transmises sur son site web, qu&rsquo;elles soient ou non de son fait. En cons\u00e9quence, l&rsquo;utilisateur reconna\u00eet se servir des informations donn\u00e9es sous son unique responsabilit\u00e9.<\/p>\n<p><strong>3. Accessibilit\u00e9 :<\/strong><\/p>\n<p>Le site&nbsp;<a style=\"background-color: #ffffff; color: black;\" href=\"https:\/\/faci.fr\/\" target=\"_blank\" rel=\"noopener\">faciprint.fr<\/a>&nbsp;est par principe accessible aux usag\u00e9s H24 7\/7, sauf en cas d&rsquo;interruption, pr\u00e9vu ou pas, pour les besoins de sa maintenance ou force majeure. En cas d&rsquo;impossibilit\u00e9 d&rsquo;acc\u00e8s au service,&nbsp;<a style=\"background-color: #ffffff; color: black;\" href=\"https:\/\/faci.fr\/\" target=\"_blank\" rel=\"noopener\">faciprint.fr<\/a>&nbsp;se d\u00e9vouera \u00e0 faire de son mieux pour r\u00e9tablir l&rsquo;acc\u00e8s au site web et tentera alors d&rsquo;informer au pr\u00e9alable aux utilisateurs informations de l&rsquo;intervention. N&rsquo;\u00e9tant subordonn\u00e9 qu&rsquo;\u00e0 une servitude de moyen,&nbsp;<a style=\"background-color: #ffffff; color: black;\" href=\"https:\/\/faci.fr\/\" target=\"_blank\" rel=\"noopener\">faciprint.fr<\/a>&nbsp;ne saurait \u00eatre tenu comme responsable des dommages, quelle qu&rsquo;en soit la nature.<\/p>\n<p><strong>4. Droit de propri\u00e9t\u00e9 intellectuelle :<\/strong><\/p>\n<p><span style=\"font-weight: bolder; color: var( --e-global-color-text ); font-family: var( --e-global-typography-text-font-family ), Sans-serif; font-size: var( --e-global-typography-text-font-size );\">LATOUR Guillaume<\/span>&nbsp;est le propri\u00e9taire exclusif de l&rsquo;int\u00e9gralit\u00e9 des droits de propri\u00e9t\u00e9 intellectuelle ou d\u00e9tient les droits d&rsquo;usage sur l&rsquo;int\u00e9gralit\u00e9 des \u00e9l\u00e9ments accessibles sur le site suivant, tant structurellement que sur les textes, images, graphismes, ic\u00f4nes, bande sonore, logiciels, etc\u2026<br>Toute reproduction totale ou partielle du site suivant&nbsp;<a style=\"background-color: #ffffff; color: black;\" href=\"https:\/\/faci.fr\/\" target=\"_blank\" rel=\"noopener\">faciprint.fr<\/a>, repr\u00e9sentation, modification, mis \u00e0 jour totale ou partielle de l&rsquo;un quelconque de ces \u00e9l\u00e9ments, sans tenir compte du moyen ou le proc\u00e9d\u00e9 utilis\u00e9, est strictement interdite, except\u00e9 autorisation \u00e9crite pr\u00e9alable de&nbsp;<span style=\"font-weight: bolder;\">LATOUR Guillaume<\/span>, directeur du site internet m\u00eame partielle du site suivant&nbsp;<a style=\"background-color: #ffffff; color: black;\" href=\"https:\/\/faci.fr\/\" target=\"_blank\" rel=\"noopener\">faciprint.fr<\/a>, repr\u00e9sentation, modification, adaptation totale ou partielle de l&rsquo;un de ces \u00e9l\u00e9ments, peu importe le moyen ou le proc\u00e9d\u00e9 utilis\u00e9, est interdite, except\u00e9 acceptation \u00e9crite pr\u00e9alable de<span style=\"font-weight: bolder;\">LATOUR Guillaume<\/span>, directeur du site \u00e0 l&#8217;email : administratif@faci.fr, \u00e0 contrario elle sera consid\u00e9r\u00e9e comme constitutive d&rsquo;une contrefa\u00e7on et passible de poursuite selon les dispositions des diff\u00e9rents articles L.335-2 et suivants du Code de Propri\u00e9t\u00e9 Intellectuelle.<\/p>\n<p><strong>5. Cookies et Liens Hypertextes :<\/strong><\/p>\n<p>Le site suivant&nbsp;<a style=\"background-color: #ffffff; color: black;\" href=\"https:\/\/faci.fr\/\" target=\"_blank\" rel=\"noopener\">faciprint.fr<\/a>&nbsp;contient diff\u00e9rents liens hypertextes vers plusieurs sites (partenaires, sites sources etc) mis en place suite \u00e0 l&rsquo;accord de&nbsp;<span style=\"font-weight: bolder;\">LATOUR Guillaume<\/span><a href=\"https:\/\/www.generateur-de-mentions-legales.com\/\"><span style=\"color: #000000;\">.<\/span><\/a>&nbsp;Cependant,&nbsp;<span style=\"font-weight: bolder;\">LATOUR Guillaume<\/span>&nbsp;ne peut pas s\u00e9curiser l&rsquo;ensemble du contenu des sites ainsi consult\u00e9s et d\u00e9cline donc toute responsabilit\u00e9 de de cette fa\u00e7on concernant les risques \u00e9ventuels de contenus interdits.<br>L&rsquo;usager est donc inform\u00e9 que lors de ses navigation sur le site suivant&nbsp;<a style=\"background-color: #ffffff; color: black;\" href=\"https:\/\/faci.fr\/\" target=\"_blank\" rel=\"noopener\">faciprint.fr<\/a>, un ou plusieurs cookies sont capable de s&rsquo;int\u00e9grer m\u00e9caniquement sur son pc en utilisant son logiciel de navigation. Un cookie est un bloc de donn\u00e9es informatique qui ne permettra jamais de savoir qui l&rsquo;utilise, en revanche qui note des donn\u00e9es en lien avec la navigation de l&rsquo;utilisateur sur le site suivant.<br>La configuration du programme de navigation tol\u00e8re de notifier de la pr\u00e9sence de cookie et \u00e9ventuellement, de la refuser de la proc\u00e9dure d\u00e9crite \u00e0 cette adresse suivante :&nbsp;<a style=\"color: black;\" href=\"https:\/\/www.faci.fr\/\">www.<\/a><a style=\"background-color: #ffffff; color: black;\" href=\"https:\/\/faci.fr\/\" target=\"_blank\" rel=\"noopener\">faciprint.fr<\/a>. La mise en place \u00e0 la possibilit\u00e9 toutefois de r\u00e9gler le navigateur de son pc afin de refuser la mise en place des cookies, \u00e9tant conscient que le refus de la mise en place d&rsquo;un cookie peut potentiellement entra\u00eener l&rsquo;incapacit\u00e9 d&rsquo;avoir acc\u00e8s \u00e0 diff\u00e9rents secteurs. Concernant tout blocage de cookies, recherchez dans votre moteur de recherche : blocage des cookies et observez les instructions en rapport avec votre version de navigateur.<\/p>\n<p><strong>6. Protection des personnes et biens &#8211; Maniement des donn\u00e9es personnelles :<\/strong><\/p>\n<p>En France, les donn\u00e9es personnelles sont notamment prot\u00e9g\u00e9es par la loi n\u00b0 78-87 du 6 janvier 1978 , la loi n\u00b0&nbsp;2004-801&nbsp;datant du 6 ao\u00fbt 2004, l&rsquo;article L. 226-13 du Code p\u00e9nal ainsi que la Directive Europ\u00e9enne datant du 24 octobre 1995.<\/p>\n<p>Sur le site interne&nbsp;<a style=\"background-color: #ffffff; color: black;\" href=\"https:\/\/faci.fr\/\" target=\"_blank\" rel=\"noopener\">faciprint.fr<\/a>,&nbsp;<span style=\"font-weight: bolder;\">LATOUR Guillaume<\/span>&nbsp;ne aucune information personnelles ( suivant l&rsquo;article 4 loi n\u00b078-17 du 06 janvier 1978) concernant l&rsquo;utilisateur que pour la n\u00e9cessit\u00e9 de divers services offerts par le site&nbsp;<a style=\"background-color: #ffffff; color: black;\" href=\"https:\/\/faci.fr\/\" target=\"_blank\" rel=\"noopener\">faciprint.fr<\/a>. L&rsquo;utilisateur fournit les informations en pleine conscience de cause, particuli\u00e8rement lorsqu&rsquo;il proc\u00e8de de lui-m\u00eame \u00e0 leur saisie. Il est donc r\u00e9sum\u00e9 \u00e0 l&rsquo;usag\u00e9 du site&nbsp;<a style=\"background-color: #ffffff; color: black;\" href=\"https:\/\/faci.fr\/\" target=\"_blank\" rel=\"noopener\">faciprint.fr<\/a>&nbsp;le devoir ou pas de mentionner ces informations.<br>Conform\u00e9ment aux dispositifs des articles 38 et suivants de la loi 78-17 du 6 janvier 1978 en lien avec l&rsquo;informatique, les fichiers et aux diff\u00e9rentes libert\u00e9s, n&rsquo;importe quel utilisateur poss\u00e8de un droit d&rsquo;acc\u00e8s , de rectification, de suppression et d&rsquo;opposition \u00e0 toutes les donn\u00e9es personnelles qui le concerne. Pour l&rsquo;exercer, envoyez votre demande \u00e0&nbsp;<a style=\"background-color: #ffffff; color: black;\" href=\"https:\/\/faci.fr\/\" target=\"_blank\" rel=\"noopener\">faciprint.fr<\/a>&nbsp;par mail :&nbsp;<strong><a style=\"color: black;\" href=\"mailto:administratif@faci.fr?subject=Contact%20%C3%A0%20partir%20des%20mentions%20l%C3%A9gales%20via%20le%20site%20faci.fr\">administratif@faci.fr<\/a><\/strong>&nbsp;ou&nbsp;via \u00e9crit&nbsp;duement sign\u00e9e, accompagn\u00e9e d&rsquo;une copie du titre d&rsquo;identit\u00e9 ainsi qu&rsquo;une signature du titulaire du document, en mentionnant l&rsquo;adresse \u00e0 laquelle la r\u00e9ponse devra \u00eatre envoy\u00e9e.<\/p>\n<p>Aucune information personnelle de l&rsquo;usager du site web&nbsp;<a style=\"background-color: #ffffff; color: black;\" href=\"https:\/\/faci.fr\/\" target=\"_blank\" rel=\"noopener\">faciprint.fr<\/a>&nbsp;ne sera publi\u00e9e \u00e0 l&rsquo;insu de l&rsquo;utilisateur, \u00e9chang\u00e9e, transf\u00e9r\u00e9e, vendue sur n&rsquo;importe quel support \u00e0 des groupes. Seule l&rsquo;hypoth\u00e8se de la vente du site&nbsp;<a style=\"background-color: #ffffff; color: black;\" href=\"https:\/\/faci.fr\/\" target=\"_blank\" rel=\"noopener\">faciprint.fr<\/a>&nbsp;et de l&rsquo;int\u00e9gralit\u00e9 de ses droits autorise&nbsp;<span style=\"font-weight: bolder;\">LATOUR Guillaume&nbsp;<\/span>\u00e0 transmettre les informations personnelles \u00e0 l&rsquo; acqu\u00e9reur qui serait donc \u00e0 son tour tenu&nbsp;\u00e0 la m\u00eame n\u00e9cessit\u00e9 de conservation et de modification des informations concernant l&rsquo;utilisateur du site&nbsp;<a style=\"background-color: #ffffff; color: black;\" href=\"https:\/\/faci.fr\/\" target=\"_blank\" rel=\"noopener\">faciprint.fr<\/a>.<br>Le site web&nbsp;<a style=\"background-color: #ffffff; color: black;\" href=\"https:\/\/faci.fr\/\" target=\"_blank\" rel=\"noopener\">faciprint.fr<\/a>&nbsp;est conforme avec le RGPD.<\/p>\n<p>Pour des informations compl\u00e9mentaires sur nos pratiques et politiques de confidentialit\u00e9, vous pouvez consulter notre document \u00a0\u00bb Droits et protection des Donn\u00e9es Personnelles \u00a0\u00bb en&nbsp;<a style=\"color: black;\" href=\"https:\/\/faci.fr\/wp-content\/uploads\/2025\/02\/Droit-et-Protection-Des-Donnees-Personnelles-FACIPRINT-022025.pdf\" target=\"_blank\" rel=\"noopener\">cliquant ici<\/a>.<\/p>\n<p>Les bases de donn\u00e9es sont s\u00e9curis\u00e9es par les dispositions de la loi du 1er juillet 1998 transposant ainsi la directive 96\/9 du 11 mars 1996 concernant la protection juridique des bases de donn\u00e9es(BDD).<a style=\"color: black; font-family: var( --e-global-typography-text-font-family ), Sans-serif; font-size: var( --e-global-typography-text-font-size ); font-weight: var( --e-global-typography-text-font-weight ); background-color: #ffffff;\" href=\"https:\/\/faci.fr\/\" target=\"_blank\" rel=\"noopener\">faciprint.fr<\/a><\/p>\t\t\t\t\t\t\t\t<\/div>\n\t\t\t\t<\/div>\n\t\t\t\t\t<\/div>\n\t\t<\/div>\n\t\t\t\t\t<\/div>\n\t\t<\/section>\n\t\t\t\t<\/div>\n\t\t","protected":false},"excerpt":{"rendered":"<p>MENTIONS LEGALES : Conform\u00e9ment aux directives de l&rsquo;article 6-III et 19 de la Loi num\u00e9ro&nbsp;2004-575&nbsp;du 21 juin 2004 concer\u00e7ant la Confiance en l&rsquo;\u00e9conomie num\u00e9rique, dite L.C.E.N., nous portons \u00e0 la connaissance des utilisateurs du site internet :&nbsp;faciprint.fr &nbsp;Les donn\u00e9es suivantes : 1. D\u00e9claration l\u00e9gales : Le site&nbsp;faciprint.fr&nbsp;est la propri\u00e9t\u00e9 exclusive de SAS Faci Print, qui [&hellip;]<\/p>\n","protected":false},"author":1,"featured_media":0,"parent":0,"menu_order":0,"comment_status":"closed","ping_status":"closed","template":"elementor_header_footer","meta":{"inline_featured_image":false,"footnotes":""},"class_list":["post-182","page","type-page","status-publish","hentry"],"yoast_head":"<!-- This site is optimized with the Yoast SEO plugin v25.6 - https:\/\/yoast.com\/wordpress\/plugins\/seo\/ -->\n<title>Mentions l\u00e9gales - FaciPrint<\/title>\n<meta name=\"robots\" content=\"index, follow, max-snippet:-1, max-image-preview:large, max-video-preview:-1\" \/>\n<link rel=\"canonical\" href=\"https:\/\/faciprint.fr\/index.php\/mentions-legales\/\" \/>\n<meta property=\"og:locale\" content=\"fr_FR\" \/>\n<meta property=\"og:type\" content=\"article\" \/>\n<meta property=\"og:title\" content=\"Mentions l\u00e9gales - FaciPrint\" \/>\n<meta property=\"og:description\" content=\"MENTIONS LEGALES : Conform\u00e9ment aux directives de l&rsquo;article 6-III et 19 de la Loi num\u00e9ro&nbsp;2004-575&nbsp;du 21 juin 2004 concer\u00e7ant la Confiance en l&rsquo;\u00e9conomie num\u00e9rique, dite L.C.E.N., nous portons \u00e0 la connaissance des utilisateurs du site internet :&nbsp;faciprint.fr &nbsp;Les donn\u00e9es suivantes : 1. D\u00e9claration l\u00e9gales : Le site&nbsp;faciprint.fr&nbsp;est la propri\u00e9t\u00e9 exclusive de SAS Faci Print, qui [&hellip;]\" \/>\n<meta property=\"og:url\" content=\"https:\/\/faciprint.fr\/index.php\/mentions-legales\/\" \/>\n<meta property=\"og:site_name\" content=\"FaciPrint\" \/>\n<meta property=\"article:modified_time\" content=\"2026-02-04T12:23:54+00:00\" \/>\n<meta name=\"twitter:card\" content=\"summary_large_image\" \/>\n<meta name=\"twitter:label1\" content=\"Dur\u00e9e de lecture estim\u00e9e\" \/>\n\t<meta name=\"twitter:data1\" content=\"6 minutes\" \/>\n<script type=\"application\/ld+json\" class=\"yoast-schema-graph\">{\"@context\":\"https:\/\/schema.org\",\"@graph\":[{\"@type\":\"WebPage\",\"@id\":\"https:\/\/faciprint.fr\/index.php\/mentions-legales\/\",\"url\":\"https:\/\/faciprint.fr\/index.php\/mentions-legales\/\",\"name\":\"Mentions l\u00e9gales - FaciPrint\",\"isPartOf\":{\"@id\":\"https:\/\/faciprint.fr\/#website\"},\"datePublished\":\"2025-02-04T15:43:03+00:00\",\"dateModified\":\"2026-02-04T12:23:54+00:00\",\"breadcrumb\":{\"@id\":\"https:\/\/faciprint.fr\/index.php\/mentions-legales\/#breadcrumb\"},\"inLanguage\":\"fr-FR\",\"potentialAction\":[{\"@type\":\"ReadAction\",\"target\":[\"https:\/\/faciprint.fr\/index.php\/mentions-legales\/\"]}]},{\"@type\":\"BreadcrumbList\",\"@id\":\"https:\/\/faciprint.fr\/index.php\/mentions-legales\/#breadcrumb\",\"itemListElement\":[{\"@type\":\"ListItem\",\"position\":1,\"name\":\"Accueil\",\"item\":\"https:\/\/faciprint.fr\/\"},{\"@type\":\"ListItem\",\"position\":2,\"name\":\"Mentions l\u00e9gales\"}]},{\"@type\":\"WebSite\",\"@id\":\"https:\/\/faciprint.fr\/#website\",\"url\":\"https:\/\/faciprint.fr\/\",\"name\":\"FaciPrint\",\"description\":\"Votre partenaire bureautique\",\"publisher\":{\"@id\":\"https:\/\/faciprint.fr\/#organization\"},\"potentialAction\":[{\"@type\":\"SearchAction\",\"target\":{\"@type\":\"EntryPoint\",\"urlTemplate\":\"https:\/\/faciprint.fr\/?s={search_term_string}\"},\"query-input\":{\"@type\":\"PropertyValueSpecification\",\"valueRequired\":true,\"valueName\":\"search_term_string\"}}],\"inLanguage\":\"fr-FR\"},{\"@type\":\"Organization\",\"@id\":\"https:\/\/faciprint.fr\/#organization\",\"name\":\"FaciPrint\",\"url\":\"https:\/\/faciprint.fr\/\",\"logo\":{\"@type\":\"ImageObject\",\"inLanguage\":\"fr-FR\",\"@id\":\"https:\/\/faciprint.fr\/#\/schema\/logo\/image\/\",\"url\":\"https:\/\/faciprint.fr\/wp-content\/uploads\/2024\/05\/1.png\",\"contentUrl\":\"https:\/\/faciprint.fr\/wp-content\/uploads\/2024\/05\/1.png\",\"width\":2000,\"height\":539,\"caption\":\"FaciPrint\"},\"image\":{\"@id\":\"https:\/\/faciprint.fr\/#\/schema\/logo\/image\/\"}}]}<\/script>\n<!-- \/ Yoast SEO plugin. -->","yoast_head_json":{"title":"Mentions l\u00e9gales - FaciPrint","robots":{"index":"index","follow":"follow","max-snippet":"max-snippet:-1","max-image-preview":"max-image-preview:large","max-video-preview":"max-video-preview:-1"},"canonical":"https:\/\/faciprint.fr\/index.php\/mentions-legales\/","og_locale":"fr_FR","og_type":"article","og_title":"Mentions l\u00e9gales - FaciPrint","og_description":"MENTIONS LEGALES : Conform\u00e9ment aux directives de l&rsquo;article 6-III et 19 de la Loi num\u00e9ro&nbsp;2004-575&nbsp;du 21 juin 2004 concer\u00e7ant la Confiance en l&rsquo;\u00e9conomie num\u00e9rique, dite L.C.E.N., nous portons \u00e0 la connaissance des utilisateurs du site internet :&nbsp;faciprint.fr &nbsp;Les donn\u00e9es suivantes : 1. D\u00e9claration l\u00e9gales : Le site&nbsp;faciprint.fr&nbsp;est la propri\u00e9t\u00e9 exclusive de SAS Faci Print, qui [&hellip;]","og_url":"https:\/\/faciprint.fr\/index.php\/mentions-legales\/","og_site_name":"FaciPrint","article_modified_time":"2026-02-04T12:23:54+00:00","twitter_card":"summary_large_image","twitter_misc":{"Dur\u00e9e de lecture estim\u00e9e":"6 minutes"},"schema":{"@context":"https:\/\/schema.org","@graph":[{"@type":"WebPage","@id":"https:\/\/faciprint.fr\/index.php\/mentions-legales\/","url":"https:\/\/faciprint.fr\/index.php\/mentions-legales\/","name":"Mentions l\u00e9gales - FaciPrint","isPartOf":{"@id":"https:\/\/faciprint.fr\/#website"},"datePublished":"2025-02-04T15:43:03+00:00","dateModified":"2026-02-04T12:23:54+00:00","breadcrumb":{"@id":"https:\/\/faciprint.fr\/index.php\/mentions-legales\/#breadcrumb"},"inLanguage":"fr-FR","potentialAction":[{"@type":"ReadAction","target":["https:\/\/faciprint.fr\/index.php\/mentions-legales\/"]}]},{"@type":"BreadcrumbList","@id":"https:\/\/faciprint.fr\/index.php\/mentions-legales\/#breadcrumb","itemListElement":[{"@type":"ListItem","position":1,"name":"Accueil","item":"https:\/\/faciprint.fr\/"},{"@type":"ListItem","position":2,"name":"Mentions l\u00e9gales"}]},{"@type":"WebSite","@id":"https:\/\/faciprint.fr\/#website","url":"https:\/\/faciprint.fr\/","name":"FaciPrint","description":"Votre partenaire bureautique","publisher":{"@id":"https:\/\/faciprint.fr\/#organization"},"potentialAction":[{"@type":"SearchAction","target":{"@type":"EntryPoint","urlTemplate":"https:\/\/faciprint.fr\/?s={search_term_string}"},"query-input":{"@type":"PropertyValueSpecification","valueRequired":true,"valueName":"search_term_string"}}],"inLanguage":"fr-FR"},{"@type":"Organization","@id":"https:\/\/faciprint.fr\/#organization","name":"FaciPrint","url":"https:\/\/faciprint.fr\/","logo":{"@type":"ImageObject","inLanguage":"fr-FR","@id":"https:\/\/faciprint.fr\/#\/schema\/logo\/image\/","url":"https:\/\/faciprint.fr\/wp-content\/uploads\/2024\/05\/1.png","contentUrl":"https:\/\/faciprint.fr\/wp-content\/uploads\/2024\/05\/1.png","width":2000,"height":539,"caption":"FaciPrint"},"image":{"@id":"https:\/\/faciprint.fr\/#\/schema\/logo\/image\/"}}]}},"_links":{"self":[{"href":"https:\/\/faciprint.fr\/index.php\/wp-json\/wp\/v2\/pages\/182","targetHints":{"allow":["GET"]}}],"collection":[{"href":"https:\/\/faciprint.fr\/index.php\/wp-json\/wp\/v2\/pages"}],"about":[{"href":"https:\/\/faciprint.fr\/index.php\/wp-json\/wp\/v2\/types\/page"}],"author":[{"embeddable":true,"href":"https:\/\/faciprint.fr\/index.php\/wp-json\/wp\/v2\/users\/1"}],"replies":[{"embeddable":true,"href":"https:\/\/faciprint.fr\/index.php\/wp-json\/wp\/v2\/comments?post=182"}],"version-history":[{"count":19,"href":"https:\/\/faciprint.fr\/index.php\/wp-json\/wp\/v2\/pages\/182\/revisions"}],"predecessor-version":[{"id":257,"href":"https:\/\/faciprint.fr\/index.php\/wp-json\/wp\/v2\/pages\/182\/revisions\/257"}],"wp:attachment":[{"href":"https:\/\/faciprint.fr\/index.php\/wp-json\/wp\/v2\/media?parent=182"}],"curies":[{"name":"wp","href":"https:\/\/api.w.org\/{rel}","templated":true}]}}